{"id":16,"date":"2025-03-08T21:19:52","date_gmt":"2025-03-08T20:19:52","guid":{"rendered":"https:\/\/www.tigerdixie.com\/?page_id=16"},"modified":"2025-03-09T08:17:20","modified_gmt":"2025-03-09T07:17:20","slug":"just-here-right-there","status":"publish","type":"page","link":"https:\/\/www.tigerdixie.com\/index.php\/just-here-right-there\/","title":{"rendered":"Just Here Right There"},"content":{"rendered":"\n<p><strong>Just Here Right&nbsp;There<\/strong><br><em>Velut Luna<\/em><\/p>\n\n\n\n<figure class=\"wp-block-image is-resized\"><img decoding=\"async\" src=\"https:\/\/www.tigerdixie.com\/OLD_WEB\/immaginitdb\/cdtiger.jpg\" alt=\"\" style=\"width:150px\"\/><\/figure>\n\n\n\n<p>Tiger Dixie Band, &#8220;Just Here, Right There&#8221; Si tratta di un lavoro recentemente uscito per l&#8217;etichetta Velut Luna di Marco Lincetto. Con il gruppo affrontiamo da anni il repertorio del Jazz tradizionale e finalmente siamo approdati alla nostra prima realizzazione discografica. Il CD \u00e8 organizzato in una serie di capitoli dedicati ad alcuni dei numi tutelari di questa musica: Scott Joplin, Jelly Roll Morton, Nick La Rocca, Louis Armstrong e Bix Beiderbecke. Il materiale non \u00e8 per\u00f2 affrontato in maniera didascalica o strettamente filologica, bench\u00e9 tutto il materiale sia stato registrato in chiave completamente acustica (nemmeno la chitarra o il contrabbasso sono stati amplificati). Abbiamo cercato di darne una lettura personale e a corredo della musica vi \u00e8 una racconto dello scrittore Andrea Manfredi che narra della storia di un emigrante italiano che intorno al 1915 si reca negli Stati Uniti; egli nulla sa del Jazz, ma per una serie di vicissitudini entra in contatto con le figure chiave poc&#8217;anzi citate. Da New York, accompagnato dalla musica di Joplin, si reca a New Orleans dove inizia a lavorare nel locale di Henry Matranga (lo stesso posto dove Louis Armstrong lavorava come lavapiatti). L\u00ec conosce Morton, ma per lui quel mitico musicista non \u00e8 altro che un sorriso con un brillante incastonato nei denti\u2026 e La Rocca, musicista che lo colpisce anche per il fatto che parla la sua stessa lingua (a questo proposito non tutti sanno che il primo disco della storia del Jazz, \u00e8 stato inciso da un palermitano). Nel 1917 alla chiusura dello Storyville, il quartiere a luci rosse di New Orleans, il nostro si muove a Chicago insieme alla gran parte dei jazzisti rimasti ormai senza lavoro. E qui entra in contatto con Louis Armstrong e Bix Beiderbecke. Il disco si conclude con tre brani, in apparenza, stilisticamente diversi, ma che credo chiariscano il nostro punto di vista rispetto a questa musica: &#8220;Discland&#8221;, &#8220;The revenge of the elephant&#8221; e &#8220;Good Morning Blues&#8221;; il primo, di Maurizio Scomparin, bench\u00e9 basato su di una progressione di accordi moderna \u00e8 inizialmente approcciato come un brano dixie, che progressivamente si libera dai consueti clich\u00e9s interpretativi. Il secondo \u00e8 un riarrangiamento ad opera dell&#8217;intera band di &#8220;Tiger Rag&#8221;; esso inizia in 5\/4, poi passa in 3\/4 per trasformarsi in un&#8217;orgia free dalla quale emerge il duello tra l&#8217;elefante (il basso tuba) e la tigre (la tromba). Il terzo, di Fiorenzo Zeni, \u00e8 un solare brano swing che riporta la pace dopo la tempesta e idealmente accompagna le ultime parole del protagonista del racconto. Nel CD vi sono anche alcune tracce fantasma che sono altri piccoli non citati tributi a musicisti da noi amati. Questi omaggi sono accompagnati da suoni di navi, treni e agenti atmosferici che contribuiscono a contestualizzare il tutto. Era quindi nostra intenzione non fare il solito, ennesimo disco di musica dixieland, ma cercare di trovare una nuova forma per proporre questa musica senza cadere nel revivalismo. Era poi importante per noi porre l&#8217;accento sull&#8217;aspetto dell&#8217;emigrazione, poich\u00e9 questo \u00e8 a tutti gli effetti il jazz degli emigranti. Tutte le fotografie sono state scattate da Sergio Decarli lungo la vecchia ferrovia della Valsugana, che congiunge Trento a Venezia. Dal vivo il racconto viene letto da un attore, mentre nel disco il testo \u00e8 riportato nel libretto per non appesantire troppo l&#8217;ascolto.<\/p>\n\n\n\n<figure class=\"wp-block-embed is-type-rich is-provider-spotify wp-block-embed-spotify wp-embed-aspect-21-9 wp-has-aspect-ratio\"><div class=\"wp-block-embed__wrapper\">\n<div class=\"oceanwp-oembed-wrap clr\"><iframe title=\"Spotify Embed: Just Here, Right There\" style=\"border-radius: 12px\" width=\"100%\" height=\"352\" frameborder=\"0\" allowfullscreen allow=\"autoplay; clipboard-write; encrypted-media; fullscreen; picture-in-picture\" loading=\"lazy\" src=\"https:\/\/open.spotify.com\/embed\/album\/1V1VWQ8CWd61GLPVSZ8DZl?si=ssSykcmKTEODibO8MQuIyQ&#038;utm_source=oembed\"><\/iframe><\/div>\n<\/div><\/figure>\n\n\n","protected":false},"excerpt":{"rendered":"<p>Just Here Right&nbsp;ThereVelut Luna Tiger Dixie Band, &#8220;Just Here, Right There&#8221; Si tratta di un lavoro recentemente uscito per l&#8217;etichetta Velut Luna di Marco Lincetto. Con il gruppo affrontiamo da anni il repertorio del Jazz tradizionale e finalmente siamo approdati alla nostra prima realizzazione discografica. Il CD \u00e8 organizzato in una serie di capitoli dedicati [&hellip;]<\/p>\n","protected":false},"author":1,"featured_media":0,"parent":0,"menu_order":0,"comment_status":"closed","ping_status":"closed","template":"","meta":{"ocean_post_layout":"","ocean_both_sidebars_style":"","ocean_both_sidebars_content_width":0,"ocean_both_sidebars_sidebars_width":0,"ocean_sidebar":"","ocean_second_sidebar":"","ocean_disable_margins":"enable","ocean_add_body_class":"","ocean_shortcode_before_top_bar":"","ocean_shortcode_after_top_bar":"","ocean_shortcode_before_header":"","ocean_shortcode_after_header":"","ocean_has_shortcode":"","ocean_shortcode_after_title":"","ocean_shortcode_before_footer_widgets":"","ocean_shortcode_after_footer_widgets":"","ocean_shortcode_before_footer_bottom":"","ocean_shortcode_after_footer_bottom":"","ocean_display_top_bar":"default","ocean_display_header":"default","ocean_header_style":"","ocean_center_header_left_menu":"","ocean_custom_header_template":"","ocean_custom_logo":0,"ocean_custom_retina_logo":0,"ocean_custom_logo_max_width":0,"ocean_custom_logo_tablet_max_width":0,"ocean_custom_logo_mobile_max_width":0,"ocean_custom_logo_max_height":0,"ocean_custom_logo_tablet_max_height":0,"ocean_custom_logo_mobile_max_height":0,"ocean_header_custom_menu":"","ocean_menu_typo_font_family":"","ocean_menu_typo_font_subset":"","ocean_menu_typo_font_size":0,"ocean_menu_typo_font_size_tablet":0,"ocean_menu_typo_font_size_mobile":0,"ocean_menu_typo_font_size_unit":"px","ocean_menu_typo_font_weight":"","ocean_menu_typo_font_weight_tablet":"","ocean_menu_typo_font_weight_mobile":"","ocean_menu_typo_transform":"","ocean_menu_typo_transform_tablet":"","ocean_menu_typo_transform_mobile":"","ocean_menu_typo_line_height":0,"ocean_menu_typo_line_height_tablet":0,"ocean_menu_typo_line_height_mobile":0,"ocean_menu_typo_line_height_unit":"","ocean_menu_typo_spacing":0,"ocean_menu_typo_spacing_tablet":0,"ocean_menu_typo_spacing_mobile":0,"ocean_menu_typo_spacing_unit":"","ocean_menu_link_color":"","ocean_menu_link_color_hover":"","ocean_menu_link_color_active":"","ocean_menu_link_background":"","ocean_menu_link_hover_background":"","ocean_menu_link_active_background":"","ocean_menu_social_links_bg":"","ocean_menu_social_hover_links_bg":"","ocean_menu_social_links_color":"","ocean_menu_social_hover_links_color":"","ocean_disable_title":"default","ocean_disable_heading":"default","ocean_post_title":"","ocean_post_subheading":"","ocean_post_title_style":"","ocean_post_title_background_color":"","ocean_post_title_background":0,"ocean_post_title_bg_image_position":"","ocean_post_title_bg_image_attachment":"","ocean_post_title_bg_image_repeat":"","ocean_post_title_bg_image_size":"","ocean_post_title_height":0,"ocean_post_title_bg_overlay":0.5,"ocean_post_title_bg_overlay_color":"","ocean_disable_breadcrumbs":"default","ocean_breadcrumbs_color":"","ocean_breadcrumbs_separator_color":"","ocean_breadcrumbs_links_color":"","ocean_breadcrumbs_links_hover_color":"","ocean_display_footer_widgets":"default","ocean_display_footer_bottom":"default","ocean_custom_footer_template":"","omw_enable_modal_window":"enable","footnotes":""},"class_list":["post-16","page","type-page","status-publish","hentry","entry"],"yoast_head":"<!-- This site is optimized with the Yoast SEO plugin v27.4 - https:\/\/yoast.com\/product\/yoast-seo-wordpress\/ -->\r\n<title>Just Here Right There - TIGERDIXIEBAND<\/title>\r\n<meta name=\"robots\" content=\"index, follow, max-snippet:-1, max-image-preview:large, max-video-preview:-1\" \/>\r\n<link rel=\"canonical\" href=\"https:\/\/www.tigerdixie.com\/index.php\/just-here-right-there\/\" \/>\r\n<meta property=\"og:locale\" content=\"it_IT\" \/>\r\n<meta property=\"og:type\" content=\"article\" \/>\r\n<meta property=\"og:title\" content=\"Just Here Right There - TIGERDIXIEBAND\" \/>\r\n<meta property=\"og:description\" content=\"Just Here Right&nbsp;ThereVelut Luna Tiger Dixie Band, &#8220;Just Here, Right There&#8221; Si tratta di un lavoro recentemente uscito per l&#8217;etichetta Velut Luna di Marco Lincetto. Con il gruppo affrontiamo da anni il repertorio del Jazz tradizionale e finalmente siamo approdati alla nostra prima realizzazione discografica. Il CD \u00e8 organizzato in una serie di capitoli dedicati [&hellip;]\" \/>\r\n<meta property=\"og:url\" content=\"https:\/\/www.tigerdixie.com\/index.php\/just-here-right-there\/\" \/>\r\n<meta property=\"og:site_name\" content=\"TIGERDIXIEBAND\" \/>\r\n<meta property=\"article:publisher\" content=\"https:\/\/www.facebook.com\/profile.php?id=100063671672198&amp;locale=it_IT\" \/>\r\n<meta property=\"article:modified_time\" content=\"2025-03-09T07:17:20+00:00\" \/>\r\n<meta property=\"og:image\" content=\"https:\/\/www.tigerdixie.com\/OLD_WEB\/immaginitdb\/cdtiger.jpg\" \/>\r\n<meta name=\"twitter:card\" content=\"summary_large_image\" \/>\r\n<meta name=\"twitter:label1\" content=\"Tempo di lettura stimato\" \/>\n\t<meta name=\"twitter:data1\" content=\"3 minuti\" \/>\r\n<script type=\"application\/ld+json\" class=\"yoast-schema-graph\">{\"@context\":\"https:\\\/\\\/schema.org\",\"@graph\":[{\"@type\":\"WebPage\",\"@id\":\"https:\\\/\\\/www.tigerdixie.com\\\/index.php\\\/just-here-right-there\\\/\",\"url\":\"https:\\\/\\\/www.tigerdixie.com\\\/index.php\\\/just-here-right-there\\\/\",\"name\":\"Just Here Right There - TIGERDIXIEBAND\",\"isPartOf\":{\"@id\":\"https:\\\/\\\/www.tigerdixie.com\\\/#website\"},\"primaryImageOfPage\":{\"@id\":\"https:\\\/\\\/www.tigerdixie.com\\\/index.php\\\/just-here-right-there\\\/#primaryimage\"},\"image\":{\"@id\":\"https:\\\/\\\/www.tigerdixie.com\\\/index.php\\\/just-here-right-there\\\/#primaryimage\"},\"thumbnailUrl\":\"https:\\\/\\\/www.tigerdixie.com\\\/OLD_WEB\\\/immaginitdb\\\/cdtiger.jpg\",\"datePublished\":\"2025-03-08T20:19:52+00:00\",\"dateModified\":\"2025-03-09T07:17:20+00:00\",\"breadcrumb\":{\"@id\":\"https:\\\/\\\/www.tigerdixie.com\\\/index.php\\\/just-here-right-there\\\/#breadcrumb\"},\"inLanguage\":\"it-IT\",\"potentialAction\":[{\"@type\":\"ReadAction\",\"target\":[\"https:\\\/\\\/www.tigerdixie.com\\\/index.php\\\/just-here-right-there\\\/\"]}]},{\"@type\":\"ImageObject\",\"inLanguage\":\"it-IT\",\"@id\":\"https:\\\/\\\/www.tigerdixie.com\\\/index.php\\\/just-here-right-there\\\/#primaryimage\",\"url\":\"https:\\\/\\\/www.tigerdixie.com\\\/OLD_WEB\\\/immaginitdb\\\/cdtiger.jpg\",\"contentUrl\":\"https:\\\/\\\/www.tigerdixie.com\\\/OLD_WEB\\\/immaginitdb\\\/cdtiger.jpg\"},{\"@type\":\"BreadcrumbList\",\"@id\":\"https:\\\/\\\/www.tigerdixie.com\\\/index.php\\\/just-here-right-there\\\/#breadcrumb\",\"itemListElement\":[{\"@type\":\"ListItem\",\"position\":1,\"name\":\"Home\",\"item\":\"https:\\\/\\\/www.tigerdixie.com\\\/\"},{\"@type\":\"ListItem\",\"position\":2,\"name\":\"Just Here Right There\"}]},{\"@type\":\"WebSite\",\"@id\":\"https:\\\/\\\/www.tigerdixie.com\\\/#website\",\"url\":\"https:\\\/\\\/www.tigerdixie.com\\\/\",\"name\":\"tigerdixie.com\",\"description\":\"La Tiger Dixie Band \u00e8 una delle poche band a livello internazionale, che si dedica sistematicamente al recupero del Jazz degli \u201canni ruggenti\u201d, proponendolo con un approccio interpretativo originale ed attuale.\",\"publisher\":{\"@id\":\"https:\\\/\\\/www.tigerdixie.com\\\/#organization\"},\"potentialAction\":[{\"@type\":\"SearchAction\",\"target\":{\"@type\":\"EntryPoint\",\"urlTemplate\":\"https:\\\/\\\/www.tigerdixie.com\\\/?s={search_term_string}\"},\"query-input\":{\"@type\":\"PropertyValueSpecification\",\"valueRequired\":true,\"valueName\":\"search_term_string\"}}],\"inLanguage\":\"it-IT\"},{\"@type\":\"Organization\",\"@id\":\"https:\\\/\\\/www.tigerdixie.com\\\/#organization\",\"name\":\"tigerdixie.com\",\"url\":\"https:\\\/\\\/www.tigerdixie.com\\\/\",\"logo\":{\"@type\":\"ImageObject\",\"inLanguage\":\"it-IT\",\"@id\":\"https:\\\/\\\/www.tigerdixie.com\\\/#\\\/schema\\\/logo\\\/image\\\/\",\"url\":\"https:\\\/\\\/www.tigerdixie.com\\\/wp-content\\\/uploads\\\/2025\\\/03\\\/cropped-TigerDixieBand_Q-scaled-1-e1741457836261.jpg\",\"contentUrl\":\"https:\\\/\\\/www.tigerdixie.com\\\/wp-content\\\/uploads\\\/2025\\\/03\\\/cropped-TigerDixieBand_Q-scaled-1-e1741457836261.jpg\",\"width\":400,\"height\":150,\"caption\":\"tigerdixie.com\"},\"image\":{\"@id\":\"https:\\\/\\\/www.tigerdixie.com\\\/#\\\/schema\\\/logo\\\/image\\\/\"},\"sameAs\":[\"https:\\\/\\\/www.facebook.com\\\/profile.php?id=100063671672198&locale=it_IT\",\"https:\\\/\\\/www.instagram.com\\\/tiger_dixie_band\\\/\"]}]}<\/script>\r\n<!-- \/ Yoast SEO plugin. -->","yoast_head_json":{"title":"Just Here Right There - TIGERDIXIEBAND","robots":{"index":"index","follow":"follow","max-snippet":"max-snippet:-1","max-image-preview":"max-image-preview:large","max-video-preview":"max-video-preview:-1"},"canonical":"https:\/\/www.tigerdixie.com\/index.php\/just-here-right-there\/","og_locale":"it_IT","og_type":"article","og_title":"Just Here Right There - TIGERDIXIEBAND","og_description":"Just Here Right&nbsp;ThereVelut Luna Tiger Dixie Band, &#8220;Just Here, Right There&#8221; Si tratta di un lavoro recentemente uscito per l&#8217;etichetta Velut Luna di Marco Lincetto. Con il gruppo affrontiamo da anni il repertorio del Jazz tradizionale e finalmente siamo approdati alla nostra prima realizzazione discografica. Il CD \u00e8 organizzato in una serie di capitoli dedicati [&hellip;]","og_url":"https:\/\/www.tigerdixie.com\/index.php\/just-here-right-there\/","og_site_name":"TIGERDIXIEBAND","article_publisher":"https:\/\/www.facebook.com\/profile.php?id=100063671672198&locale=it_IT","article_modified_time":"2025-03-09T07:17:20+00:00","og_image":[{"url":"https:\/\/www.tigerdixie.com\/OLD_WEB\/immaginitdb\/cdtiger.jpg","type":"","width":"","height":""}],"twitter_card":"summary_large_image","twitter_misc":{"Tempo di lettura stimato":"3 minuti"},"schema":{"@context":"https:\/\/schema.org","@graph":[{"@type":"WebPage","@id":"https:\/\/www.tigerdixie.com\/index.php\/just-here-right-there\/","url":"https:\/\/www.tigerdixie.com\/index.php\/just-here-right-there\/","name":"Just Here Right There - TIGERDIXIEBAND","isPartOf":{"@id":"https:\/\/www.tigerdixie.com\/#website"},"primaryImageOfPage":{"@id":"https:\/\/www.tigerdixie.com\/index.php\/just-here-right-there\/#primaryimage"},"image":{"@id":"https:\/\/www.tigerdixie.com\/index.php\/just-here-right-there\/#primaryimage"},"thumbnailUrl":"https:\/\/www.tigerdixie.com\/OLD_WEB\/immaginitdb\/cdtiger.jpg","datePublished":"2025-03-08T20:19:52+00:00","dateModified":"2025-03-09T07:17:20+00:00","breadcrumb":{"@id":"https:\/\/www.tigerdixie.com\/index.php\/just-here-right-there\/#breadcrumb"},"inLanguage":"it-IT","potentialAction":[{"@type":"ReadAction","target":["https:\/\/www.tigerdixie.com\/index.php\/just-here-right-there\/"]}]},{"@type":"ImageObject","inLanguage":"it-IT","@id":"https:\/\/www.tigerdixie.com\/index.php\/just-here-right-there\/#primaryimage","url":"https:\/\/www.tigerdixie.com\/OLD_WEB\/immaginitdb\/cdtiger.jpg","contentUrl":"https:\/\/www.tigerdixie.com\/OLD_WEB\/immaginitdb\/cdtiger.jpg"},{"@type":"BreadcrumbList","@id":"https:\/\/www.tigerdixie.com\/index.php\/just-here-right-there\/#breadcrumb","itemListElement":[{"@type":"ListItem","position":1,"name":"Home","item":"https:\/\/www.tigerdixie.com\/"},{"@type":"ListItem","position":2,"name":"Just Here Right There"}]},{"@type":"WebSite","@id":"https:\/\/www.tigerdixie.com\/#website","url":"https:\/\/www.tigerdixie.com\/","name":"tigerdixie.com","description":"La Tiger Dixie Band \u00e8 una delle poche band a livello internazionale, che si dedica sistematicamente al recupero del Jazz degli \u201canni ruggenti\u201d, proponendolo con un approccio interpretativo originale ed attuale.","publisher":{"@id":"https:\/\/www.tigerdixie.com\/#organization"},"potentialAction":[{"@type":"SearchAction","target":{"@type":"EntryPoint","urlTemplate":"https:\/\/www.tigerdixie.com\/?s={search_term_string}"},"query-input":{"@type":"PropertyValueSpecification","valueRequired":true,"valueName":"search_term_string"}}],"inLanguage":"it-IT"},{"@type":"Organization","@id":"https:\/\/www.tigerdixie.com\/#organization","name":"tigerdixie.com","url":"https:\/\/www.tigerdixie.com\/","logo":{"@type":"ImageObject","inLanguage":"it-IT","@id":"https:\/\/www.tigerdixie.com\/#\/schema\/logo\/image\/","url":"https:\/\/www.tigerdixie.com\/wp-content\/uploads\/2025\/03\/cropped-TigerDixieBand_Q-scaled-1-e1741457836261.jpg","contentUrl":"https:\/\/www.tigerdixie.com\/wp-content\/uploads\/2025\/03\/cropped-TigerDixieBand_Q-scaled-1-e1741457836261.jpg","width":400,"height":150,"caption":"tigerdixie.com"},"image":{"@id":"https:\/\/www.tigerdixie.com\/#\/schema\/logo\/image\/"},"sameAs":["https:\/\/www.facebook.com\/profile.php?id=100063671672198&locale=it_IT","https:\/\/www.instagram.com\/tiger_dixie_band\/"]}]}},"_links":{"self":[{"href":"https:\/\/www.tigerdixie.com\/index.php\/wp-json\/wp\/v2\/pages\/16","targetHints":{"allow":["GET"]}}],"collection":[{"href":"https:\/\/www.tigerdixie.com\/index.php\/wp-json\/wp\/v2\/pages"}],"about":[{"href":"https:\/\/www.tigerdixie.com\/index.php\/wp-json\/wp\/v2\/types\/page"}],"author":[{"embeddable":true,"href":"https:\/\/www.tigerdixie.com\/index.php\/wp-json\/wp\/v2\/users\/1"}],"replies":[{"embeddable":true,"href":"https:\/\/www.tigerdixie.com\/index.php\/wp-json\/wp\/v2\/comments?post=16"}],"version-history":[{"count":3,"href":"https:\/\/www.tigerdixie.com\/index.php\/wp-json\/wp\/v2\/pages\/16\/revisions"}],"predecessor-version":[{"id":182,"href":"https:\/\/www.tigerdixie.com\/index.php\/wp-json\/wp\/v2\/pages\/16\/revisions\/182"}],"wp:attachment":[{"href":"https:\/\/www.tigerdixie.com\/index.php\/wp-json\/wp\/v2\/media?parent=16"}],"curies":[{"name":"wp","href":"https:\/\/api.w.org\/{rel}","templated":true}]}}